{"id":10,"date":"2025-03-14T14:11:01","date_gmt":"2025-03-14T14:11:01","guid":{"rendered":"http:\/\/veronika.chernai.mmi-velizy.fr\/_wp\/?page_id=10"},"modified":"2025-05-11T16:32:46","modified_gmt":"2025-05-11T16:32:46","slug":"accueil","status":"publish","type":"page","link":"https:\/\/veronika.chernai.mmi-velizy.fr\/_wp\/","title":{"rendered":"Bienvenue sur cardsforhearts"},"content":{"rendered":"<figure class=\"wp-block-image size-large is-resized\"><img loading=\"lazy\" decoding=\"async\" width=\"1024\" height=\"341\" src=\"https:\/\/veronika.chernai.mmi-velizy.fr\/_wp\/wp-content\/uploads\/2025\/05\/cardsforhearts-1024x341.png\" alt=\"\" class=\"wp-image-297\" style=\"width:1300px;height:auto\" srcset=\"https:\/\/veronika.chernai.mmi-velizy.fr\/_wp\/wp-content\/uploads\/2025\/05\/cardsforhearts-1024x341.png 1024w, https:\/\/veronika.chernai.mmi-velizy.fr\/_wp\/wp-content\/uploads\/2025\/05\/cardsforhearts-300x100.png 300w, https:\/\/veronika.chernai.mmi-velizy.fr\/_wp\/wp-content\/uploads\/2025\/05\/cardsforhearts-768x256.png 768w, https:\/\/veronika.chernai.mmi-velizy.fr\/_wp\/wp-content\/uploads\/2025\/05\/cardsforhearts-600x200.png 600w, https:\/\/veronika.chernai.mmi-velizy.fr\/_wp\/wp-content\/uploads\/2025\/05\/cardsforhearts.png 1500w\" sizes=\"auto, (max-width: 1024px) 100vw, 1024px\" \/><\/figure><p class=\"has-text-align-center has-custom-beige-color has-text-color has-link-color has-x-large-font-size wp-elements-86f1ec7ae8f1b5c5d6fe46060e5c4be0\"><strong>\u00c0 propos de la boutique<\/strong><\/p><p class=\"has-text-align-center is-style-text-subtitle is-style-text-subtitle--1\"><strong>cardsforhearts<\/strong>, c\u2019est une petite boutique n\u00e9e de la passion pour la K-pop.<\/p><p class=\"has-text-align-center is-style-text-annotation has-x-large-font-size is-style-text-annotation--2\"><strong>Nous proposons une s\u00e9lection de cartes K-pop \u00e0 prix doux, choisies avec soin pour ravir les collectionneur\u00b7se\u00b7s de tous niveaux.<\/strong><\/p><p class=\"has-text-align-left has-large-font-size\">   Chaque article est s\u00e9lectionn\u00e9 avec attention, que ce soit pour sa raret\u00e9, son esth\u00e9tique ou son lien avec les moments cultes de vos groupes pr\u00e9f\u00e9r\u00e9s.<\/p><p class=\"has-text-align-left has-large-font-size\"><br>   Nous accordons une importance particuli\u00e8re \u00e0 la pr\u00e9sentation : chaque commande est emball\u00e9e avec soin, dans un esprit de partage et de passion.<\/p><p class=\"has-text-align-left has-large-font-size\">   Notre \u00e9quipe reste \u00e0 l\u2019\u00e9coute pour toute demande personnalis\u00e9e \u2014 que ce soit un emballage sp\u00e9cial, une note manuscrite ou la recherche d\u2019une carte pr\u00e9cise.<br><\/p><p class=\"has-text-align-center\"><strong>Notre objectif ? Cr\u00e9er un espace chaleureux, inclusif et passionn\u00e9, o\u00f9 collectionner rime avec plaisir, nostalgie et d\u00e9couverte.<\/strong><\/p><p><\/p><p class=\"has-text-align-center\"><\/p>Even if we are apart, our hearts are connected to each other.<div class=\"wp-block-query alignfull is-layout-flow wp-block-query-is-layout-flow\"><div class=\"wp-block-group alignfull is-layout-flow wp-block-group-is-layout-flow\" style=\"padding-top:0;padding-right:0;padding-bottom:0;padding-left:0\"><ul style=\"text-transform:none;\" class=\"wp-block-post-template is-layout-flow wp-block-post-template-is-layout-flow\"><li class=\"wp-block-post post-251 post type-post status-publish format-standard hentry category-act tag-act\"><div class=\"wp-block-group is-layout-flow wp-block-group-is-layout-flow\" style=\"border-bottom-color:var(--wp--preset--color--contrast);border-bottom-width:1px\"><div class=\"wp-block-group is-content-justification-space-between is-nowrap is-layout-flex wp-container-core-group-is-layout-dd9de04e wp-block-group-is-layout-flex\" style=\"padding-top:16px;padding-right:16px;padding-bottom:16px;padding-left:16px\"><div class=\"wp-block-group is-nowrap is-layout-flex wp-container-core-group-is-layout-89a94f6a wp-block-group-is-layout-flex\"><p>\u2734\ufe0e<\/p>\n\n<div style=\"text-transform:uppercase; margin-top:0;margin-right:0;margin-bottom:0;margin-left:0;\" class=\"has-text-align-left has-link-color wp-elements-4003f76eccbf507a9e3d7e84a42ea154 wp-block-post-date has-text-color has-contrast-color has-small-font-size\"><time datetime=\"2025-05-11T11:46:50+00:00\">May 11, 2025<\/time><\/div><\/div>\n\n<div style=\"text-transform:uppercase\" class=\"taxonomy-category has-link-color wp-elements-d846021732facad792835971f80af878 wp-block-post-terms has-text-color has-contrast-color\"><span class=\"wp-block-post-terms__prefix\">\u2734\ufe0e <\/span><a href=\"https:\/\/veronika.chernai.mmi-velizy.fr\/_wp\/category\/act\/\" rel=\"tag\">act<\/a><\/div><\/div><\/div>\n\n<div class=\"wp-block-group is-vertical is-layout-flex wp-container-core-group-is-layout-4bcb09c9 wp-block-group-is-layout-flex\" style=\"padding-top:16px;padding-right:16px;padding-bottom:var(--wp--preset--spacing--70);padding-left:16px\"><h2 style=\"font-size:clamp(2.712rem, 2.712rem + ((1vw - 0.2rem) * 2.519), 5.2rem);font-style:normal;font-weight:500;line-height:1.1;text-transform:uppercase; margin-top:0;margin-right:0;margin-bottom:0;margin-left:0;\" class=\"has-link-color wp-elements-eba6f7f6e0a9160611aa886fe4e31449 wp-block-post-title has-text-color has-contrast-color\"><a href=\"https:\/\/veronika.chernai.mmi-velizy.fr\/_wp\/2025\/05\/11\/actualitees\/\" target=\"_self\" >Actualit\u00e9es<\/a><\/h2><\/div><\/li><li class=\"wp-block-post post-332 post type-post status-publish format-standard hentry category-review tag-review\"><div class=\"wp-block-group is-layout-flow wp-block-group-is-layout-flow\" style=\"border-bottom-color:var(--wp--preset--color--contrast);border-bottom-width:1px\"><div class=\"wp-block-group is-content-justification-space-between is-nowrap is-layout-flex wp-container-core-group-is-layout-dd9de04e wp-block-group-is-layout-flex\" style=\"padding-top:16px;padding-right:16px;padding-bottom:16px;padding-left:16px\"><div class=\"wp-block-group is-nowrap is-layout-flex wp-container-core-group-is-layout-89a94f6a wp-block-group-is-layout-flex\"><p>\u2734\ufe0e<\/p>\n\n<div style=\"text-transform:uppercase; margin-top:0;margin-right:0;margin-bottom:0;margin-left:0;\" class=\"has-text-align-left has-link-color wp-elements-4003f76eccbf507a9e3d7e84a42ea154 wp-block-post-date has-text-color has-contrast-color has-small-font-size\"><time datetime=\"2025-05-11T16:29:10+00:00\">May 11, 2025<\/time><\/div><\/div>\n\n<div style=\"text-transform:uppercase\" class=\"taxonomy-category has-link-color wp-elements-d846021732facad792835971f80af878 wp-block-post-terms has-text-color has-contrast-color\"><span class=\"wp-block-post-terms__prefix\">\u2734\ufe0e <\/span><a href=\"https:\/\/veronika.chernai.mmi-velizy.fr\/_wp\/category\/review\/\" rel=\"tag\">Review<\/a><\/div><\/div><\/div>\n\n<div class=\"wp-block-group is-vertical is-layout-flex wp-container-core-group-is-layout-4bcb09c9 wp-block-group-is-layout-flex\" style=\"padding-top:16px;padding-right:16px;padding-bottom:var(--wp--preset--spacing--70);padding-left:16px\"><h2 style=\"font-size:clamp(2.712rem, 2.712rem + ((1vw - 0.2rem) * 2.519), 5.2rem);font-style:normal;font-weight:500;line-height:1.1;text-transform:uppercase; margin-top:0;margin-right:0;margin-bottom:0;margin-left:0;\" class=\"has-link-color wp-elements-eba6f7f6e0a9160611aa886fe4e31449 wp-block-post-title has-text-color has-contrast-color\"><a href=\"https:\/\/veronika.chernai.mmi-velizy.fr\/_wp\/2025\/05\/11\/analyse-dalbum-review\/\" target=\"_self\" >Analyse d&#8217;album \/ Review<\/a><\/h2><\/div><\/li><\/ul><\/div>\n\n<div class=\"wp-block-group is-layout-flow wp-block-group-is-layout-flow\" style=\"margin-top:0;margin-bottom:0;padding-top:var(--wp--preset--spacing--30);padding-right:16px;padding-bottom:var(--wp--preset--spacing--30);padding-left:16px\"><\/div><\/div>","protected":false},"excerpt":{"rendered":"<p>\u00c0 propos de la boutique cardsforhearts, c\u2019est une petite boutique n\u00e9e de la passion pour la K-pop. Nous proposons une s\u00e9lection de cartes K-pop \u00e0 prix doux, choisies avec soin pour ravir les collectionneur\u00b7se\u00b7s de tous niveaux. Chaque article est s\u00e9lectionn\u00e9 avec attention, que ce soit pour sa raret\u00e9, son esth\u00e9tique ou son lien avec [&hellip;]<\/p>\n","protected":false},"author":1,"featured_media":0,"parent":0,"menu_order":0,"comment_status":"closed","ping_status":"closed","template":"","meta":{"pagelayer_contact_templates":[],"_pagelayer_content":"","footnotes":""},"class_list":["post-10","page","type-page","status-publish","hentry"],"_links":{"self":[{"href":"https:\/\/veronika.chernai.mmi-velizy.fr\/_wp\/wp-json\/wp\/v2\/pages\/10","targetHints":{"allow":["GET"]}}],"collection":[{"href":"https:\/\/veronika.chernai.mmi-velizy.fr\/_wp\/wp-json\/wp\/v2\/pages"}],"about":[{"href":"https:\/\/veronika.chernai.mmi-velizy.fr\/_wp\/wp-json\/wp\/v2\/types\/page"}],"author":[{"embeddable":true,"href":"https:\/\/veronika.chernai.mmi-velizy.fr\/_wp\/wp-json\/wp\/v2\/users\/1"}],"replies":[{"embeddable":true,"href":"https:\/\/veronika.chernai.mmi-velizy.fr\/_wp\/wp-json\/wp\/v2\/comments?post=10"}],"version-history":[{"count":28,"href":"https:\/\/veronika.chernai.mmi-velizy.fr\/_wp\/wp-json\/wp\/v2\/pages\/10\/revisions"}],"predecessor-version":[{"id":335,"href":"https:\/\/veronika.chernai.mmi-velizy.fr\/_wp\/wp-json\/wp\/v2\/pages\/10\/revisions\/335"}],"wp:attachment":[{"href":"https:\/\/veronika.chernai.mmi-velizy.fr\/_wp\/wp-json\/wp\/v2\/media?parent=10"}],"curies":[{"name":"wp","href":"https:\/\/api.w.org\/{rel}","templated":true}]}}